{"id":1467,"date":"2016-05-30T12:25:37","date_gmt":"2016-05-30T12:25:37","guid":{"rendered":"http:\/\/kikovo.co.ao\/kikovo\/?page_id=1467"},"modified":"2016-06-17T14:45:35","modified_gmt":"2016-06-17T14:45:35","slug":"classificacao","status":"publish","type":"page","link":"http:\/\/kikovo.co.ao\/kikovo\/classificacao\/","title":{"rendered":"Classifica\u00e7\u00e3o"},"content":{"rendered":"<p>[vc_row][vc_column][vc_column_text css_animation=&#8221;left-to-right&#8221;]<strong>Os ovos KIKOVO s\u00e3o criteriosamente selecionados nas categorias M, L e XL. As op\u00e7\u00f5es de apresenta\u00e7\u00e3o do produto KIKOVO est\u00e3o dispon\u00edveis em embalagens: <\/strong><\/p>\n<p><strong>1&#215;6 \u2013 Meia D\u00fazia de Ovos <\/strong><\/p>\n<p><strong>1&#215;12 \u2013 Uma D\u00fazia de Ovos <\/strong><\/p>\n<p><strong>Caixa de 15 D\u00fazias de Ovos <\/strong><\/p>\n<p><strong>Caixa de 30 D\u00fazias de Ovos<\/strong><\/p>\n<p>Os <strong> Ovos KIKOVO<\/strong> s\u00e3o de<strong> excelente qualidade e cuidadosamente selecionados<\/strong> de forma a manterem toda a frescura.<\/p>\n<p>S\u00e3o embalados segundo as mais <strong> rigorosas normas de higiene e seguran\u00e7a<\/strong>.[\/vc_column_text][\/vc_column][\/vc_row]<\/p>\n","protected":false},"excerpt":{"rendered":"<p>[vc_row][vc_column][vc_column_text css_animation=&#8221;left-to-right&#8221;]Os ovos KIKOVO s\u00e3o criteriosamente selecionados nas categorias M, L e XL. As op\u00e7\u00f5es de apresenta\u00e7\u00e3o do produto KIKOVO est\u00e3o dispon\u00edveis em embalagens: 1&#215;6 \u2013 Meia D\u00fazia de Ovos 1&#215;12 \u2013 Uma D\u00fazia de Ovos Caixa de 15 D\u00fazias de Ovos Caixa de 30 D\u00fazias de Ovos Os Ovos KIKOVO s\u00e3o de excelente qualidade<\/p>\n","protected":false},"author":1,"featured_media":0,"parent":0,"menu_order":0,"comment_status":"closed","ping_status":"closed","template":"","meta":[],"_links":{"self":[{"href":"http:\/\/kikovo.co.ao\/kikovo\/wp-json\/wp\/v2\/pages\/1467"}],"collection":[{"href":"http:\/\/kikovo.co.ao\/kikovo\/wp-json\/wp\/v2\/pages"}],"about":[{"href":"http:\/\/kikovo.co.ao\/kikovo\/wp-json\/wp\/v2\/types\/page"}],"author":[{"embeddable":true,"href":"http:\/\/kikovo.co.ao\/kikovo\/wp-json\/wp\/v2\/users\/1"}],"replies":[{"embeddable":true,"href":"http:\/\/kikovo.co.ao\/kikovo\/wp-json\/wp\/v2\/comments?post=1467"}],"version-history":[{"count":7,"href":"http:\/\/kikovo.co.ao\/kikovo\/wp-json\/wp\/v2\/pages\/1467\/revisions"}],"predecessor-version":[{"id":1648,"href":"http:\/\/kikovo.co.ao\/kikovo\/wp-json\/wp\/v2\/pages\/1467\/revisions\/1648"}],"wp:attachment":[{"href":"http:\/\/kikovo.co.ao\/kikovo\/wp-json\/wp\/v2\/media?parent=1467"}],"curies":[{"name":"wp","href":"https:\/\/api.w.org\/{rel}","templated":true}]}}